{"id":323,"date":"2016-09-11T17:42:10","date_gmt":"2016-09-11T17:42:10","guid":{"rendered":"http:\/\/in-sight.eu\/?page_id=323"},"modified":"2026-05-04T17:29:10","modified_gmt":"2026-05-04T17:29:10","slug":"hormon-yoga-terapi","status":"publish","type":"page","link":"http:\/\/in-sight.eu\/?page_id=323","title":{"rendered":"Hormon Yoga Terapi"},"content":{"rendered":"<p style=\"text-align: left;\"><span style=\"font-family: 'trebuchet ms', geneva, sans-serif; font-size: 12pt;\"><strong>Kursus for kvinder<\/strong><\/span><\/p>\n<p style=\"text-align: center;\"><span style=\"font-family: 'trebuchet ms', geneva, sans-serif; font-size: 12pt;\"><strong>Ikke planlagt.<br \/>\n<\/strong>Fredag kl. 16-20<br \/>\nL\u00f8rdag kl. 10-18<br \/>\nBem\u00e6rk: Minimum antal deltagere er 4.<strong><br \/>\n<span style=\"color: #b20000;\">Underviser: Aut. Yogal\u00e6rer Iris U. Schneider<\/span><br \/>\n<\/strong><\/span><\/p>\n<div style=\"text-align: left;\" align=\"center\"><strong><span style=\"font-family: 'trebuchet ms', geneva, sans-serif; font-size: 12pt;\">STED<\/span><\/strong><br \/>\n<span style=\"font-family: 'trebuchet ms', geneva, sans-serif; font-size: 12pt;\">In-Sight Yoga \/ Yoga &amp; Psykoterapi<\/span><br \/>\n<span style=\"font-family: 'trebuchet ms', geneva, sans-serif; font-size: 12pt;\">Struenseegade 13 A, 1.<\/span><br \/>\n<span style=\"font-family: 'trebuchet ms', geneva, sans-serif; font-size: 12pt;\">2200 K\u00f8benhavn N<\/span><\/div>\n<div style=\"text-align: left;\" align=\"center\"><\/div>\n<div style=\"text-align: left;\" align=\"center\"><span style=\"font-family: 'trebuchet ms', geneva, sans-serif; font-size: 12pt;\">Er du kvinde i overgangsalderen og plaget af hedeture, hovedpine, s\u00f8vnforstyrrelser, hum\u00f8rsvingninger, hang til depression, for t\u00f8rre slimhinder, eller andre symptomer, du godt kunne t\u00e6nke dig at v\u00e6re foruden? Eller har du gener pga. for lavt \u00f8strogen niveau \u2013 f.eks. sv\u00e6rt ved at blive gravid? S\u00e5 pr\u00f8v denne effektive metode.<\/span><\/div>\n<div style=\"text-align: left;\" align=\"center\"><span style=\"font-family: 'trebuchet ms', geneva, sans-serif; font-size: 12pt;\">\u00a0<\/span><\/div>\n<div style=\"text-align: left;\" align=\"center\"><span style=\"font-family: 'trebuchet ms', geneva, sans-serif; font-size: 12pt;\">Hormon Yoga efter Dinah Rodrigues blev indf\u00f8rt i Danmark af Iris U. Schneider i 2010. Denne yogaform er is\u00e6r rettet mod kvinder over 35, samt kvinder der har sv\u00e6rt ved at f\u00e5 b\u00f8rn, har sv\u00e6re menstruationsforstyrrelser eller andre hormonrelaterede problemer.Hormon Yoga er udviklet af den brasilianske yogaterapeut Dinah Rodrigues. Metoden indeholder elementer fra Hatha Yoga, Energetisk Yoga, Kundalini Yoga og tibetanske energi \u00f8velser. \u00d8velserne er dynamiske, med intensive \u00e5ndedr\u00e6ts teknikker, samt visualiseringer, og har en dybtg\u00e5ende virkning p\u00e5 hormonsystemet og livsenergien, i yoga kaldet prana.<\/span><\/div>\n<div align=\"center\">\n<p style=\"text-align: left;\"><span style=\"font-family: 'trebuchet ms', geneva, sans-serif; font-size: 12pt;\">Omkring 35 \u00e5rs alderen (statistisk set) begynder \u00f8strogen niveauet at falde og mange kvinder oplever symptomer som\u00a0hedeture, hum\u00f8rsvingninger, t\u00f8r hud og t\u00f8rre slimhinder, nedsat sexlyst, h\u00e5rtab, tr\u00e6thed og depression. Teknikkerne i Hormon Yoga er udvalgt til at skabe hurtig lindring helt hen til oph\u00f8r af disse gener.<\/span><\/p>\n<p style=\"text-align: left;\"><span style=\"font-family: 'trebuchet ms', geneva, sans-serif; font-size: 12pt;\">P\u00e5 kurset gennemg\u00e5r vi programmet flere gange, med v\u00e6gt p\u00e5, at \u00f8velserne tilpasses den enkelte. Kursusmateriale udleveres, s\u00e5 du kan \u00f8ve derhjemme.<\/span><\/p>\n<p style=\"text-align: left;\"><span style=\"font-family: 'trebuchet ms', geneva, sans-serif; font-size: 12pt;\">Hvis du er i medicinsk behandling, eller er i tvivl om dette er noget for dig, s\u00e5 ring og snak med Iris f\u00f8rst: tlf. 20 64 58 19.<\/span><\/p>\n<p style=\"text-align: left;\"><span style=\"font-family: 'trebuchet ms', geneva, sans-serif; font-size: 12pt;\">Iris U. Schneider fik sin yogal\u00e6rereksamen hos Guni Martin (Integralyoga) i 1989 og er fuldtids yogal\u00e6rer. Hun har taget utallige efteruddannelser, bl.a. Hormonyoga hos Dinah Rodrigues i 2010, samt har et bredt spektre af andre relevante uddannelser, som f.eks. som vejleder i Systemiske Familieopstillinger.<\/span><\/p>\n<p style=\"text-align: left;\"><span style=\"font-family: 'trebuchet ms', geneva, sans-serif; font-size: 12pt;\">Pris for begge dage, inkl. dansk manual:\u00a0<strong>2.000 kr<\/strong>. inkl. moms. (Ret til \u00e6ndringer forbeholdes).<\/span><\/p>\n<p style=\"text-align: left;\"><span style=\"font-family: 'trebuchet ms', geneva, sans-serif; font-size: 12pt;\">Du er tilmeldt n\u00e5r du har sendt en mail til <a href=\"mailto:iris@in-sight.eu\" target=\"_blank\" rel=\"noopener noreferrer\">Iris<\/a> og indbetalt p\u00e5 In-Sights konto i Merkur bank: 8401 1148966.\u00a0S<\/span><span style=\"font-family: 'trebuchet ms', geneva, sans-serif; font-size: 12pt;\">kriv Hormon og dit navn.<\/span><\/p>\n<\/div>\n<hr \/>\n<p style=\"text-align: center;\"><span style=\"font-family: 'trebuchet ms', geneva, sans-serif; font-size: 12pt;\">In-Sight v\/Iris U. Schneider, Dagmarsgade\u00a05, 4. th., 2200 K\u00f8benhavn N, CVR: 13798192<br \/>\n<\/span><\/p>\n","protected":false},"excerpt":{"rendered":"<p>Kursus for kvinder Ikke planlagt. Fredag kl. 16-20 L\u00f8rdag kl. 10-18 Bem\u00e6rk: Minimum antal deltagere er 4. Underviser: Aut. Yogal\u00e6rer Iris U. Schneider STED In-Sight Yoga \/ Yoga &amp; Psykoterapi Struenseegade 13 A, 1. 2200 K\u00f8benhavn N Er du kvinde &hellip; <a href=\"http:\/\/in-sight.eu\/?page_id=323\">L\u00e6s resten <span class=\"meta-nav\">&rarr;<\/span><\/a><\/p>\n","protected":false},"author":1,"featured_media":0,"parent":0,"menu_order":0,"comment_status":"closed","ping_status":"closed","template":"onecolumn-page.php","meta":{"footnotes":""},"class_list":["post-323","page","type-page","status-publish","hentry"],"_links":{"self":[{"href":"http:\/\/in-sight.eu\/index.php?rest_route=\/wp\/v2\/pages\/323","targetHints":{"allow":["GET"]}}],"collection":[{"href":"http:\/\/in-sight.eu\/index.php?rest_route=\/wp\/v2\/pages"}],"about":[{"href":"http:\/\/in-sight.eu\/index.php?rest_route=\/wp\/v2\/types\/page"}],"author":[{"embeddable":true,"href":"http:\/\/in-sight.eu\/index.php?rest_route=\/wp\/v2\/users\/1"}],"replies":[{"embeddable":true,"href":"http:\/\/in-sight.eu\/index.php?rest_route=%2Fwp%2Fv2%2Fcomments&post=323"}],"version-history":[{"count":15,"href":"http:\/\/in-sight.eu\/index.php?rest_route=\/wp\/v2\/pages\/323\/revisions"}],"predecessor-version":[{"id":656,"href":"http:\/\/in-sight.eu\/index.php?rest_route=\/wp\/v2\/pages\/323\/revisions\/656"}],"wp:attachment":[{"href":"http:\/\/in-sight.eu\/index.php?rest_route=%2Fwp%2Fv2%2Fmedia&parent=323"}],"curies":[{"name":"wp","href":"https:\/\/api.w.org\/{rel}","templated":true}]}}