{"id":554,"date":"2024-12-15T14:37:07","date_gmt":"2024-12-15T14:37:07","guid":{"rendered":"https:\/\/in-sight.eu\/?page_id=554"},"modified":"2025-12-15T12:10:02","modified_gmt":"2025-12-15T12:10:02","slug":"yogarejse-2025-2","status":"publish","type":"page","link":"http:\/\/in-sight.eu\/?page_id=554","title":{"rendered":"Yogarejse 2026"},"content":{"rendered":"<p style=\"text-align: center;\"><span style=\"font-family: 'trebuchet ms', geneva, sans-serif; font-size: 18pt;\"><b>Yoga p\u00e5 den gr\u00e6ske \u00f8 Lesbos &#8211; i gudernes n\u00e6rv\u00e6r<br \/><\/b><\/span><span style=\"font-family: 'trebuchet ms', geneva, sans-serif; font-size: 18pt;\"><strong>21.-28. juni 2026<\/strong><\/span><\/p>\n<p style=\"text-align: center;\"><span style=\"font-family: 'trebuchet ms', geneva, sans-serif; font-size: 18pt;\"><span style=\"font-size: 12pt;\">i samarbejde med Spies Rejser<\/span><br \/><\/span><span style=\"font-family: 'trebuchet ms', geneva, sans-serif; font-size: 12pt;\">g\u00e5 direkte til tilmelding og priser <a href=\"https:\/\/spies.qondor.com\/ParticipantWeb\/Registration\/25474\" target=\"_blank\" rel=\"noopener\">her<\/a><\/span><\/p>\n<p class=\"p1\" style=\"text-align: left;\"><span style=\"font-family: 'trebuchet ms', geneva, sans-serif; font-size: 14pt;\"><a href=\"http:\/\/in-sight.eu\/wp-content\/uploads\/2024\/12\/Tekst-1.jpg\"><img loading=\"lazy\" decoding=\"async\" class=\"wp-image-532 aligncenter\" src=\"http:\/\/in-sight.eu\/wp-content\/uploads\/2024\/12\/Tekst-1.jpg\" alt=\"\" width=\"301\" height=\"384\" \/><\/a><\/span><\/p>\n<p class=\"p1\"><span style=\"font-family: 'trebuchet ms', geneva, sans-serif; font-size: 14pt;\">Du kan deltage b\u00e5de som nybegynder og som mere erfaren yogi<b>, u<\/b>ndervisningen tilrettel\u00e6gges, s\u00e5 alle kan v\u00e6re med p\u00e5 deres niveau.<\/span><\/p>\n<p class=\"p1\"><span style=\"font-family: 'trebuchet ms', geneva, sans-serif; font-size: 14pt;\"><span style=\"text-decoration: underline;\">Kurset vil indeholde:<\/span><br \/><\/span><span style=\"font-size: 14pt;\"><br \/><span style=\"font-family: 'trebuchet ms', geneva, sans-serif;\">Hver dag vil blive dedikeret til en af de gr\u00e6ske guder\/gudinder<\/span><\/span><\/p>\n<ul class=\"ul1\">\n<li class=\"li1\"><span style=\"font-family: 'trebuchet ms', geneva, sans-serif; font-size: 14pt;\">hatha yoga<\/span><\/li>\n<li class=\"li1\"><span style=\"font-family: 'trebuchet ms', geneva, sans-serif; font-size: 14pt;\">yin\/restorativ yoga<\/span><\/li>\n<li class=\"li1\"><span style=\"font-family: 'trebuchet ms', geneva, sans-serif; font-size: 14pt;\">hjerneyoga<\/span><\/li>\n<li class=\"li1\"><span style=\"font-family: 'trebuchet ms', geneva, sans-serif; font-size: 14pt;\">nada yoga (yoga med lyd)<\/span><\/li>\n<li class=\"li1\"><span style=\"font-family: 'trebuchet ms', geneva, sans-serif; font-size: 14pt;\">smagspr\u00f8ver fra diverse andre yogaretninger, bl.a. hormonyoga og ansigtsyoga<\/span><\/li>\n<li class=\"li1\"><span style=\"font-family: 'trebuchet ms', geneva, sans-serif; font-size: 14pt;\">pranayama (\u00e5ndedr\u00e6ts\u00f8velser)<\/span><\/li>\n<li class=\"li1\"><span style=\"font-family: 'trebuchet ms', geneva, sans-serif; font-size: 14pt;\">meditation<\/span><\/li>\n<li class=\"li1\"><span style=\"font-family: 'trebuchet ms', geneva, sans-serif; font-size: 14pt;\">dybdeafsp\u00e6nding Yoga Nidra<\/span><\/li>\n<li class=\"li1\"><span style=\"font-family: 'trebuchet ms', geneva, sans-serif; font-size: 14pt;\">mindfulness<\/span><\/li>\n<li class=\"li1\"><span style=\"font-family: 'trebuchet ms', geneva, sans-serif; font-size: 14pt;\">flere sm\u00e5 overraskelser \ud83d\ude09<\/span><\/li>\n<\/ul>\n<p class=\"p1\"><span style=\"font-family: 'trebuchet ms', geneva, sans-serif; font-size: 14pt;\">Vi slutter hver session med en cirkel, hvor jeg tjekker ind med hver af jer.<\/span><\/p>\n<p class=\"p1\"><span style=\"font-family: 'trebuchet ms', geneva, sans-serif; font-size: 14pt;\">Du vil opleve, at du i l\u00f8bet af ugen kommer i dybere kontakt med dig selv, og det ligger mig p\u00e5 hjertet at guide dig n\u00e6nsomt igennem denne proces. Hvor dybt du vil g\u00e5 er helt op til dig selv.<\/span><\/p>\n\n\n<p><\/p>\n\n\n\n<figure class=\"wp-block-gallery has-nested-images columns-default is-cropped wp-block-gallery-1 is-layout-flex wp-block-gallery-is-layout-flex\">\n<figure class=\"wp-block-image size-large is-style-default\"><a href=\"https:\/\/in-sight.eu\/wp-content\/uploads\/2024\/12\/Tekst-2.jpg\"><img loading=\"lazy\" decoding=\"async\" width=\"4032\" height=\"3024\" data-id=\"535\" src=\"https:\/\/in-sight.eu\/wp-content\/uploads\/2024\/12\/Tekst-2.jpg\" alt=\"\" class=\"wp-image-535\"\/><\/a><\/figure>\n<\/figure>\n\n\n<p><strong><span style=\"font-family: 'trebuchet ms', geneva, sans-serif; font-size: 18pt;\">Tider (Vejledende)<\/span><\/strong><strong><span style=\"font-family: 'trebuchet ms', geneva, sans-serif; font-size: 18pt;\"><br \/><\/span><\/strong><\/p>\n<table width=\"650\">\n<tbody>\n<tr>\n<td style=\"vertical-align: top;\"><span style=\"font-family: 'trebuchet ms', geneva, sans-serif; font-size: 14pt;\">S\u00f8ndag<\/span><\/td>\n<td style=\"vertical-align: top; text-align: center;\"><span style=\"font-family: 'trebuchet ms', geneva, sans-serif; font-size: 14pt;\">17:00<\/span><br \/><span style=\"font-family: 'trebuchet ms', geneva, sans-serif; font-size: 14pt;\">18:30<\/span><br \/><span style=\"font-family: 'trebuchet ms', geneva, sans-serif; font-size: 14pt;\">19:30<\/span><\/td>\n<td style=\"vertical-align: top;\"><span style=\"font-family: 'trebuchet ms', geneva, sans-serif; font-size: 14pt;\">Intro og lette \u00f8velser<\/span><br \/><span style=\"font-family: 'trebuchet ms', geneva, sans-serif; font-size: 14pt;\">Lille rundgang i Molivos<\/span><br \/><span style=\"font-family: 'trebuchet ms', geneva, sans-serif; font-size: 14pt;\">F\u00e6llesspisning p\u00e5 restaurant (p\u00e5 egen regning)<\/span><\/td>\n<\/tr>\n<tr>\n<td style=\"vertical-align: top;\"><span style=\"font-family: 'trebuchet ms', geneva, sans-serif; font-size: 14pt;\">Mandag<\/span><\/td>\n<td style=\"vertical-align: top; text-align: center;\"><span style=\"font-family: 'trebuchet ms', geneva, sans-serif; font-size: 14pt;\">10-13<\/span><\/td>\n<td style=\"vertical-align: top;\"><span style=\"font-family: 'trebuchet ms', geneva, sans-serif; font-size: 14pt;\">Yoga, meditation etc., inkl. pause<\/span><\/td>\n<\/tr>\n<tr>\n<td style=\"vertical-align: top;\"><span style=\"font-family: 'trebuchet ms', geneva, sans-serif; font-size: 14pt;\">Tirsdag<\/span><\/td>\n<td style=\"vertical-align: top; text-align: center;\"><span style=\"font-family: 'trebuchet ms', geneva, sans-serif; font-size: 14pt;\">10-13<\/span><\/td>\n<td style=\"vertical-align: top;\"><span style=\"font-family: 'trebuchet ms', geneva, sans-serif; font-size: 14pt;\">Yoga, meditation etc., inkl. pause<\/span><\/td>\n<\/tr>\n<tr>\n<td style=\"vertical-align: top;\"><span style=\"font-family: 'trebuchet ms', geneva, sans-serif; font-size: 14pt;\">Onsdag<\/span><\/td>\n<td style=\"vertical-align: top; text-align: center;\"><span style=\"font-family: 'trebuchet ms', geneva, sans-serif; font-size: 14pt;\">10-13<\/span><\/td>\n<td style=\"vertical-align: top;\"><span style=\"font-family: 'trebuchet ms', geneva, sans-serif; font-size: 14pt;\">Yoga, meditation etc., inkl. pause. Eftermiddag klangbad med Dimitri (20\u20ac)<\/span><\/td>\n<\/tr>\n<tr>\n<td style=\"vertical-align: top;\"><span style=\"font-family: 'trebuchet ms', geneva, sans-serif; font-size: 14pt;\">Torsdag<\/span><\/td>\n<td style=\"vertical-align: top; text-align: center;\"><span style=\"font-family: 'trebuchet ms', geneva, sans-serif; font-size: 14pt;\"><\/p>\n<p>18:00<\/span><br \/><span style=\"font-family: 'trebuchet ms', geneva, sans-serif; font-size: 14pt;\">20:00<\/span><\/td>\n<td style=\"vertical-align: top;\"><span style=\"font-family: 'trebuchet ms', geneva, sans-serif; font-size: 14pt;\">Fri om dagen. Mulighed for at tage p\u00e5 en dagsudflugt<\/span><br \/><span style=\"font-family: 'trebuchet ms', geneva, sans-serif; font-size: 14pt;\">Meditation, filosofi, picnic<\/span><br \/><span style=\"font-family: 'trebuchet ms', geneva, sans-serif; font-size: 14pt;\">Solhilsen til solnedgang p\u00e5 stranden<\/span><\/td>\n<\/tr>\n<tr>\n<td style=\"vertical-align: top;\"><span style=\"font-family: 'trebuchet ms', geneva, sans-serif; font-size: 14pt;\">Fredag<\/span><\/td>\n<td style=\"vertical-align: top; text-align: center;\"><span style=\"font-family: 'trebuchet ms', geneva, sans-serif; font-size: 14pt;\">10-13<\/span><\/td>\n<td style=\"vertical-align: top;\"><span style=\"font-family: 'trebuchet ms', geneva, sans-serif; font-size: 14pt;\">Yoga, meditation etc., inkl. pause<\/span><\/td>\n<\/tr>\n<tr>\n<td style=\"vertical-align: top;\"><span style=\"font-family: 'trebuchet ms', geneva, sans-serif; font-size: 14pt;\">L\u00f8rdag<\/span><\/td>\n<td style=\"vertical-align: top; text-align: center;\"><span style=\"font-family: 'trebuchet ms', geneva, sans-serif; font-size: 14pt;\">10-13<\/span><\/td>\n<td style=\"vertical-align: top;\"><span style=\"font-family: 'trebuchet ms', geneva, sans-serif; font-size: 14pt;\">Yoga, meditation etc., inkl. pause<\/span><\/td>\n<\/tr>\n<tr>\n<td style=\"vertical-align: top;\"><span style=\"font-family: 'trebuchet ms', geneva, sans-serif; font-size: 14pt;\">S\u00f8ndag<\/span><\/td>\n<td style=\"width: 20%; vertical-align: top; text-align: center;\"><span style=\"font-family: 'trebuchet ms', geneva, sans-serif; font-size: 14pt;\">Ca. 08<\/span><\/td>\n<td style=\"vertical-align: top;\"><span style=\"font-family: 'trebuchet ms', geneva, sans-serif; font-size: 14pt;\">Bus til lufthavnen<\/span><\/td>\n<\/tr>\n<\/tbody>\n<\/table>\n<p>&nbsp;<\/p>\n\n\n<figure class=\"wp-block-gallery has-nested-images columns-default is-cropped wp-block-gallery-2 is-layout-flex wp-block-gallery-is-layout-flex\">\n<figure class=\"wp-block-image size-large is-style-default\"><a href=\"https:\/\/in-sight.eu\/wp-content\/uploads\/2024\/12\/Tekst-3A.jpg\"><img loading=\"lazy\" decoding=\"async\" width=\"3264\" height=\"2448\" data-id=\"537\" src=\"https:\/\/in-sight.eu\/wp-content\/uploads\/2024\/12\/Tekst-3A.jpg\" alt=\"\" class=\"wp-image-537\"\/><\/a><\/figure>\n\n\n\n<figure class=\"wp-block-image size-large is-style-default\"><a href=\"https:\/\/in-sight.eu\/wp-content\/uploads\/2024\/12\/Tekst-3C.jpg\"><img loading=\"lazy\" decoding=\"async\" width=\"2016\" height=\"3024\" data-id=\"539\" src=\"https:\/\/in-sight.eu\/wp-content\/uploads\/2024\/12\/Tekst-3C.jpg\" alt=\"\" class=\"wp-image-539\"\/><\/a><\/figure>\n<\/figure>\n\n\n<p><strong><span style=\"font-family: 'trebuchet ms', geneva, sans-serif; font-size: 18pt;\">Omgivelserne<\/span><\/strong><\/p>\n<p class=\"p1\"><span style=\"font-family: 'trebuchet ms', geneva, sans-serif; font-size: 14pt;\">Vores indbydende yogahal ligger lige ved begyndelsen af Molivos, 2-4 minutter fra hotellerne. Der er alt det udstyr vi har brug for, b\u00e5de m\u00e5tter, t\u00e6pper, puder til yin\/restorativ<span class=\"Apple-converted-space\">\u00a0\u00a0<\/span>yoga, etc.<\/span><\/p>\n<p class=\"p1\"><span style=\"font-family: 'trebuchet ms', geneva, sans-serif; font-size: 14pt;\">Molivos er en smuk, fredet landsby fra middelalderen. Husene ligger op ad bjerget, kronet af den gamle borgruin fra det 14. \u00e5rhundrede. Landsbyen er delvis bilfri. Det er kun i agoraen (markeds\/restaurantgaderne) og langs havnegaden, hvor bilk\u00f8rsel er muligt.<\/span><\/p>\n<p class=\"p1\"><span style=\"font-family: 'trebuchet ms', geneva, sans-serif; font-size: 14pt;\">Da \u00f8en i perioder har v\u00e6ret tyrkisk, er der ikke det typiske bl\u00e5-hvide look, som man kender fra andre gr\u00e6ske \u00f8er, men husene er bygget af natursten, med farverige skodder.<\/span><\/p>\n<p class=\"p1\"><span style=\"font-family: 'trebuchet ms', geneva, sans-serif; font-size: 14pt;\">Befolkningen er meget venlig og im\u00f8dekommende, og man kan f\u00f8le sig tryg, ogs\u00e5 om natten.<\/span><\/p>\n<p class=\"p1\"><span style=\"font-family: 'trebuchet ms', geneva, sans-serif; font-size: 14pt;\">Der er flere strande at v\u00e6lge imellem. Byens lokale strand ligger lige nedenfor hotel Molivos 1, med liggestole, men der findes ogs\u00e5 en mere afsides strand i ca. 15 minutters g\u00e5 afstand.<\/span><\/p>\n<p class=\"p1\"><span style=\"font-family: 'trebuchet ms', geneva, sans-serif; font-size: 14pt;\">Hvis man har lyst til at udforske omgivelserne er der mulighed for at leje cykel, scooter eller bil.<\/span><\/p>\n<p class=\"p1\"><span style=\"font-family: 'trebuchet ms', geneva, sans-serif; font-size: 14pt;\">Der findes offentlig transport til nabobyerne Petra og Eftalou, sidstn\u00e6vnte med adgang til en helbredende kilde.<\/span><\/p>\n<p class=\"p1\"><strong><span style=\"font-family: 'trebuchet ms', geneva, sans-serif; font-size: 18pt;\">Rejsen, priser og tilmelding<\/span><\/strong><\/p>\n<p class=\"p3\"><a href=\"http:\/\/in-sight.eu\/wp-content\/uploads\/2024\/12\/Tekst-4.jpg\"><img loading=\"lazy\" decoding=\"async\" class=\"wp-image-544 alignright\" src=\"http:\/\/in-sight.eu\/wp-content\/uploads\/2024\/12\/Tekst-4.jpg\" alt=\"\" width=\"244\" height=\"326\" \/><\/a><span style=\"font-family: 'trebuchet ms', geneva, sans-serif; font-size: 14pt;\">Yogarejsen er arrangeret i samarbejde med SPIES, der er medlem af rejsegarantifonden.<\/span><\/p>\n<p class=\"p3\"><span style=\"font-family: 'trebuchet ms', geneva, sans-serif; font-size: 14pt;\">Priserne for en yoga rejse inkluderer:<\/span><\/p>\n<ul>\n<li class=\"p3\"><span style=\"font-family: 'trebuchet ms', geneva, sans-serif; font-size: 14pt;\">Yogakursus<\/span><\/li>\n<li class=\"p3\"><span style=\"font-family: 'trebuchet ms', geneva, sans-serif; font-size: 14pt;\">Fly med mad og bagage<\/span><\/li>\n<li class=\"p3\"><span style=\"font-family: 'trebuchet ms', geneva, sans-serif; font-size: 14pt;\">Transfer og indkvartering med morgenmad i delt dobbeltv\u00e6relse.<\/span><br \/><span style=\"font-family: 'trebuchet ms', geneva, sans-serif; font-size: 14pt;\">Till\u00e6g for enkeltv\u00e6relse er afh\u00e6ngig af hotelvalg.<\/span><\/li>\n<\/ul>\n<p class=\"p3\"><span style=\"font-family: 'trebuchet ms', geneva, sans-serif; font-size: 14pt;\">Klik for at se hotellerne <a href=\"https:\/\/www.spies.dk\/graekenland\/lesbos\/molivos\/molyvos-i?UseBookingFlow=true&amp;QueryDepID=12678&amp;QueryCtryID=6756&amp;QueryResID=6772&amp;QueryDepDate=20260517&amp;QueryUnits=1&amp;QueryAges=42&amp;QueryDur=8&amp;mucd=sd&amp;ItemId=154290&amp;HotelId=154290&amp;RoomKey=hotel%7CCgJTRBIDTUpUGgRNT0xZIgZIMTJCQUw&amp;selectedTransport=flight%7CCgJTRBIkNjViNmEyYmMtNjgyOS00MzAxLWE3ZTEtNTBkMDNhMDRiYTFh&amp;HotelKey=hotel%7CCgJTRBIDTUpUGgRNT0xZIgZIMTJCQUwqBAjcwQIyBAjqwQI&amp;price=6595&amp;basePrice=null&amp;adultPrice=null&amp;DestinationCode=MJT&amp;qf=flowCharter&amp;SelectedFlightClass=&amp;SelectedMeals=\" target=\"_blank\" rel=\"noopener\">Molivos 1<\/a> og <a href=\"https:\/\/www.spies.dk\/graekenland\/lesbos\/molivos\/amfitriti-hotel?UseBookingFlow=true&amp;QueryDepID=12678&amp;QueryCtryID=6756&amp;QueryResID=6772&amp;QueryDepDate=20260517&amp;QueryUnits=1&amp;QueryAges=42&amp;QueryDur=8&amp;mucd=sd&amp;ItemId=83239&amp;HotelId=83239&amp;RoomKey=hotel%7CCgJTRBIDTUpUGgRGSVRSIgNIMTI&amp;selectedTransport=flight%7CCgJTRBIkNjViNmEyYmMtNjgyOS00MzAxLWE3ZTEtNTBkMDNhMDRiYTFh&amp;HotelKey=hotel%7CCgJTRBIDTUpUGgRGSVRSIgNIMTIqBAjcwQIyBAjqwQI&amp;price=6095&amp;basePrice=null&amp;adultPrice=null&amp;DestinationCode=MJT&amp;qf=flowCharter&amp;SelectedFlightClass=&amp;SelectedMeals=\" target=\"_blank\" rel=\"noopener\">Amfitriti<\/a>.<\/span><\/p>\n<p class=\"p3\"><span style=\"font-family: 'trebuchet ms', geneva, sans-serif; font-size: 14pt;\">For priser og tilmelding klik\u00a0<a href=\"https:\/\/spies.qondor.com\/ParticipantWeb\/Registration\/25474\" target=\"_blank\" rel=\"noopener\">her,<\/a>\u00a0s\u00e5 f\u00e5r du betalingsinfo tilsendt indenfor et par dage af Spies.<\/span><\/p>\n<p><em><strong><span style=\"font-family: 'trebuchet ms', geneva, sans-serif; font-size: 18pt;\">Klimaforandringer<\/span><\/strong><\/em><\/p>\n<p><span style=\"font-family: 'trebuchet ms', geneva, sans-serif; font-size: 14pt;\">Er bare n\u00f8dt til at n\u00e6vne dette:<\/span><\/p>\n<p class=\"p1\"><span style=\"font-family: 'trebuchet ms', geneva, sans-serif; font-size: 14pt;\"><a href=\"http:\/\/in-sight.eu\/wp-content\/uploads\/2024\/12\/Tekst-5.jpg\"><img loading=\"lazy\" decoding=\"async\" class=\"alignleft  wp-image-547\" src=\"http:\/\/in-sight.eu\/wp-content\/uploads\/2024\/12\/Tekst-5.jpg\" alt=\"\" width=\"390\" height=\"292\" \/><\/a><\/span><span style=\"font-family: 'trebuchet ms', geneva, sans-serif; font-size: 14pt;\">Jeg er enormt opm\u00e6rksom p\u00e5 klimaforandringerne og har t\u00e6nkt meget over, at jeg med dette kursus opfordrer deltagerne (og mig selv) til at flyve.<\/span><br \/><span style=\"font-family: 'trebuchet ms', geneva, sans-serif; font-size: 14pt;\">I de sidste \u00e5r har jeg reduceret mine flyrejser med ca. 70%, tager toget p\u00e5 alle mine rejser i Europa, der tager under 15 timer, og har ikke fl\u00f8jet langdistance i 11 \u00e5r.<\/span><br \/><span style=\"font-family: 'trebuchet ms', geneva, sans-serif; font-size: 14pt;\">Jeg h\u00e5ber bare at denne yogarejse erstatter en anden flyferie, som du alligevel ville have booket.<\/span><\/p>\n<p class=\"p1\"><span style=\"font-size: 18pt; font-family: 'trebuchet ms', geneva, sans-serif;\"><b>Q &amp; A<\/b><\/span><\/p>\n<p class=\"p1\"><span style=\"font-size: 14pt; font-family: 'trebuchet ms', geneva, sans-serif;\"><b>Jeg har aldrig lavet yoga, kan jeg v\u00e6re med?<br \/><\/b>Min undervisning tilgodeser alle niveauer, s\u00e5 det kan du sagtens.<\/span><\/p>\n<p class=\"p1\"><span style=\"font-size: 14pt; font-family: 'trebuchet ms', geneva, sans-serif;\"><b>Jeg er i d\u00e5rlig form, kan jeg v\u00e6re med?<br \/><\/b>Du er s\u00e5 velkommen. Du vil helt sikkert v\u00e6re i bedre form i slutningen af ugen \ud83d\ude42<br \/>Kontakt mig, hvis du har fysiske udfordringer tel. 20 64 58 19.<br \/><\/span><\/p>\n<p class=\"p1\"><span style=\"font-size: 14pt; font-family: 'trebuchet ms', geneva, sans-serif;\"><b>Kan jeg rejse alene?<br \/><\/b>Yogarejsen er perfekt hvis du vil rejse alene, da du via undervisningen l\u00e6rer de andre kursusdeltagere at kende, samt at du kommer til at bo p\u00e5 samme hotel, som nogle af de andre. P\u00e5 mine kurser opst\u00e5r der altid f\u00e6llesskaber, man g\u00e5r ud og spiser sammen eller f\u00f8lges ad til stranden.<\/span><\/p>\n<p class=\"p1\"><span style=\"font-size: 14pt; font-family: 'trebuchet ms', geneva, sans-serif;\"><b>Kan jeg tage min familie med?<br \/><\/b>Det kan du sagtens! Mens du er til undervisning, kan din partner og dine b\u00f8rn hygge sig ved poolen eller stranden, g\u00e5 p\u00e5 caf\u00e9 eller tage p\u00e5 dagsudflugt, f.eks. med Spies.<\/span><\/p>\n<p class=\"p1\"><span style=\"font-size: 14pt; font-family: 'trebuchet ms', geneva, sans-serif;\"><b>Jeg er gangbesv\u00e6ret, kan jeg v\u00e6re med?<br \/><\/b>Det er sv\u00e6rt at komme rundt i Molivos, n\u00e5r man er gangbesv\u00e6ret. N\u00e5r det er sagt, s\u00e5 kan du stadigv\u00e6k v\u00e6re med til meget af yogaundervisningen i hallen, da den kun ligger et kort stykke fra hotellerne. Der findes ogs\u00e5 restauranter, der er tilg\u00e6ngelig uden at man skal opad eller over brosten. Du skal dog v\u00e6re indstillet p\u00e5, ikke at kunne v\u00e6re med til det hele.<\/span><\/p>\n<p class=\"p1\"><span style=\"font-size: 14pt; font-family: 'trebuchet ms', geneva, sans-serif;\"><b>For andre sp\u00f8rgsm\u00e5l<br \/><\/b>Ring\/sms 20 64 58 19, eller mail <a href=\"mailto:iris@in-sight.eu\">iris@in-sight.eu<\/a><\/span><\/p>\n<p class=\"p1\"><span style=\"font-size: 14pt; font-family: 'trebuchet ms', geneva, sans-serif;\"><b>For administrative sp\u00f8rgsm\u00e5l<br \/><\/b><span style=\"text-decoration: underline;\">Ring til Spies<\/span>\u00a0p\u00e5 70 10 42 00 eller kontakt dem via deres hjemmeside.<\/span><\/p>\n\n\n<figure class=\"wp-block-gallery has-nested-images columns-default is-cropped wp-block-gallery-3 is-layout-flex wp-block-gallery-is-layout-flex\">\n<figure class=\"wp-block-image size-large\"><a href=\"https:\/\/in-sight.eu\/wp-content\/uploads\/2024\/12\/Tekst-6C.jpeg\"><img loading=\"lazy\" decoding=\"async\" width=\"1417\" height=\"2048\" data-id=\"551\" src=\"https:\/\/in-sight.eu\/wp-content\/uploads\/2024\/12\/Tekst-6C.jpeg\" alt=\"\" class=\"wp-image-551\"\/><\/a><\/figure>\n\n\n\n<figure class=\"wp-block-image size-large\"><a href=\"https:\/\/in-sight.eu\/wp-content\/uploads\/2024\/12\/Tekst-6B.jpg\"><img loading=\"lazy\" decoding=\"async\" width=\"3024\" height=\"4032\" data-id=\"550\" src=\"https:\/\/in-sight.eu\/wp-content\/uploads\/2024\/12\/Tekst-6B.jpg\" alt=\"\" class=\"wp-image-550\"\/><\/a><\/figure>\n\n\n\n<figure class=\"wp-block-image size-large\"><a href=\"https:\/\/in-sight.eu\/wp-content\/uploads\/2024\/12\/Tekst-6A.jpg\"><img loading=\"lazy\" decoding=\"async\" width=\"3024\" height=\"4032\" data-id=\"549\" src=\"https:\/\/in-sight.eu\/wp-content\/uploads\/2024\/12\/Tekst-6A.jpg\" alt=\"\" class=\"wp-image-549\"\/><\/a><\/figure>\n<\/figure>\n","protected":false},"excerpt":{"rendered":"<p>Yoga p\u00e5 den gr\u00e6ske \u00f8 Lesbos &#8211; i gudernes n\u00e6rv\u00e6r21.-28. juni 2026 i samarbejde med Spies Rejserg\u00e5 direkte til tilmelding og priser her Du kan deltage b\u00e5de som nybegynder og som mere erfaren yogi, undervisningen tilrettel\u00e6gges, s\u00e5 alle kan v\u00e6re &hellip; <a href=\"http:\/\/in-sight.eu\/?page_id=554\">L\u00e6s resten <span class=\"meta-nav\">&rarr;<\/span><\/a><\/p>\n","protected":false},"author":1,"featured_media":0,"parent":0,"menu_order":0,"comment_status":"closed","ping_status":"closed","template":"onecolumn-page.php","meta":{"footnotes":""},"class_list":["post-554","page","type-page","status-publish","hentry"],"_links":{"self":[{"href":"http:\/\/in-sight.eu\/index.php?rest_route=\/wp\/v2\/pages\/554","targetHints":{"allow":["GET"]}}],"collection":[{"href":"http:\/\/in-sight.eu\/index.php?rest_route=\/wp\/v2\/pages"}],"about":[{"href":"http:\/\/in-sight.eu\/index.php?rest_route=\/wp\/v2\/types\/page"}],"author":[{"embeddable":true,"href":"http:\/\/in-sight.eu\/index.php?rest_route=\/wp\/v2\/users\/1"}],"replies":[{"embeddable":true,"href":"http:\/\/in-sight.eu\/index.php?rest_route=%2Fwp%2Fv2%2Fcomments&post=554"}],"version-history":[{"count":40,"href":"http:\/\/in-sight.eu\/index.php?rest_route=\/wp\/v2\/pages\/554\/revisions"}],"predecessor-version":[{"id":651,"href":"http:\/\/in-sight.eu\/index.php?rest_route=\/wp\/v2\/pages\/554\/revisions\/651"}],"wp:attachment":[{"href":"http:\/\/in-sight.eu\/index.php?rest_route=%2Fwp%2Fv2%2Fmedia&parent=554"}],"curies":[{"name":"wp","href":"https:\/\/api.w.org\/{rel}","templated":true}]}}